8147 composite?
False
Is 12149 composite?
False
Is 54959 prime?
True
Is 11467 a prime number?
True
Is 14741 a composite number?
False
Is 9953 a composite number?
True
Is 40151 composite?
False
Is 948971 composite?
False
Is 480477 a composite number?
True
Is 348487 a composite number?
False
Is 737 a composite number?
True
Is 185891 a prime number?
False
Is 772283 composite?
True
Is 60734 prime?
False
Is 44071 composite?
False
Is 80909 prime?
True
Is 134989 prime?
True
Is 148497 composite?
True
Is 19001 prime?
True
Is 25579 a prime number?
True
Is 11089 prime?
False
Is 16727 prime?
False
Is 7978 composite?
True
Is 10723 a prime number?
True
Is 21503 prime?
True
Is 685781 a prime number?
True
Is 1382221 a composite number?
False
Is 29917 a prime number?
True
Is 25111 prime?
True
Is 501089 a prime number?
True
Is 21517 prime?
True
Is 40159 composite?
True
Is 8059 a composite number?
False
Is 26261 prime?
True
Is 3551 prime?
False
Is 2567293 prime?
False
Is 75727 a prime number?
False
Is 103511 a prime number?
True
Is 8207 a composite number?
True
Is 107243 a composite number?
False
Is 233821 composite?
True
Is 372445 prime?
False
Is 2147735 prime?
False
Is 52919 a composite number?
False
Is 13798 a prime number?
False
Is 35921 a prime number?
False
Is 383261 a prime number?
True
Is 24659 a prime number?
True
Is 7559 prime?
True
Is 123626 composite?
True
Is 70049 prime?
False
Is 265231 prime?
True
Is 9311 prime?
True
Is 162577 a prime number?
True
Is 5401 prime?
False
Is 923833 prime?
True
Is 200437 prime?
True
Is 213563 prime?
False
Is 786001 prime?
True
Is 104117 prime?
False
Is 2147801 prime?
True
Is 922001 composite?
True
Is 867239 composite?
True
Is 422857 composite?
False
Is 2927 composite?
False
Is 143449 a prime number?
False
Is 2917345 a prime number?
False
Is 18691 prime?
True
Is 12811 composite?
True
Is 47935 a composite number?
True
Is 31667 a prime number?
True
Is 219169 composite?
False
Is 7593 composite?
True
Is 1768001 composite?
False
Is 10171 composite?
True
Is 81527 composite?
False
Is 115499 a prime number?
True
Is 1949 a prime number?
True
Is 10405 a prime number?
False
Is 2927 a composite number?
False
Is 24253 prime?
False
Is 11617 prime?
True
Is 65761 composite?
False
Is 673361 a prime number?
False
Is 624787 composite?
False
Is 1233249 composite?
True
Is 11981 prime?
True
Is 282547 composite?
True
Is 36419 prime?
False
Is 148489 a composite number?
True
Is 61129 a composite number?
False
Is 611 prime?
False
Is 3941 a prime number?
False
Is 139483 prime?
True
Is 11383 a prime number?
True
Is 73001 a prime number?
False
Is 188583 a composite number?
True
Is 196541 prime?
True
Is 13843 a composite number?
True
Is 17585 a composite number?
True
Is 33791 composite?
False
Is 14107 prime?
True
Is 197633 prime?
False
Is 2419 a composite number?
True
Is 4115947 prime?
False
Is 6888257 prime?
True
Is 772231 composite?
False
Is 367069 prime?
True
Is 36847 a prime number?
True
Is 50767 a prime number?
True
Is 3511 prime?
True
Is 684683 composite?
False
Is 1446427 composite?
False
Is 381211 composite?
True
Is 5129 a composite number?
True
Is 7751 a composite number?
True
Is 48049 a composite number?
False
Is 68065 prime?
False
Is 194221 a prime number?
False
Is 230539 prime?
True
Is 136961 composite?
True
Is 247939 prime?
True
Is 108323 prime?
False
Is 115057 a prime number?
True
Is 707 prime?
False
Is 122663 a composite number?
False
Is 20285 a composite number?
True
Is 20413 composite?
True
Is 10247 a prime number?
True
Is 20446 prime?
False
Is 1153373 a prime number?
False
Is 23251 a prime number?
True
Is 27191 composite?
False
Is 11113 composite?
False
Is 90031 a composite number?
False
Is 261347 a composite number?
False
Is 6899 prime?
True
Is 6803 a prime number?
True
Is 30403 composite?
False
Is 2048199 prime?
False
Is 3985 composite?
True
Is 196193 a composite number?
False
Is 15959 composite?
False
Is 1186505 prime?
False
Is 2183 a composite number?
True
Is 43513 composite?
True
Is 739 prime?
True
Is 50501 a composite number?
True
Is 40633 prime?
False
Is 74491 prime?
False
Is 14519 prime?
True
Is 3155 prime?
False
Is 286673 a composite number?
False
Is 71123 a prime number?
False
Is 417971 a prime number?
False
Is 20351 prime?
False
Is 4177 composite?
False
Is 3113 a prime number?
False
Is 110119 prime?
True
Is 86239 composite?
False
Is 18609 a composite number?
True
Is 14354 a prime number?
False
Is 1262 a prime number?
False
Is 223 a composite number?
False
Is 23977 composite?
False
Is 5345 a prime number?
False
Is 18247 a composite number?
True
Is 251347 composite?
False
Is 21137 a composite number?
True
Is 8941 composite?
False
Is 153871 a composite number?
False
Is 14503 prime?
True
Is 22978 a prime number?
False
Is 79349 prime?
True
Is 14197 a composite number?
False
Is 102217 composite?
False
Is 31567 prime?
True
Is 32539 a composite number?
True
Is 79589 a prime number?
True
Is 623991 a prime number?
False
Is 1010047 prime?
False
Is 93787 a prime number?
True
Is 348115 a prime number?
False
Is 444647 a prime number?
False
Is 377759 prime?
False
Is 77317 composite?
False
Is 33571 composite?
True
Is 1115 a composite number?
True
Is 32159 a composite number?
False
Is 20861 composite?
True
Is 47557 a prime number?
False
Is 42281 a prime number?
True
Is 601831 a prime number?
True
Is 412939 composite?
False
Is 61891 a prime number?
False
Is 4091 a composite number?
False
Is 10847 composite?
False
Is 67495 composite?
True
Is 29717 a prime number?
True
Is 9041 composite?
False
Is 150827 a composite number?
False
Is 543341 a composite number?
False
Is 52667 a composite number?
False
Is 12049 composite?
False
Is 7199 a composite number?
True
Is 299 a prime number?
False
Is 11294 a composite number?
True
Is 8453 a composite number?
True
Is 30983 composite?
False
Is 25523 composite?
False
Is 11131 composite?
False
Is 4751 a prime number?
True
Is 1053903 a prime number?
False
Is 502591 a composite number?
False
Is 10541 composite?
True
Is 6521 a composite number?
False
Is 248569 a prime number?
True
Is 5091 prime?
False
Is 113587 composite?
True
Is 47973 prime?
False
Is 787 composite?
False
Is 10427 composite?
False
Is 30581 a prime number?
False
Is 74093 composite?
False
Is 1691 a prime number?
False
Is 472643 a prime number?
True
Is 433607 composite?
False
Is 583 prime?
False
Is 3443 a composite number?
True
Is 103957 a composite number?
True
Is 26513 prime?
True
Is 491 a composite number?
False
Is 1823 prime?
True
Is 5594 a composite number?
True
Is 52489 composite?
False
Is 1055473 composite?
True
Is 366127 a composite number?
False
Is 111742 a composite number?
True
Is 49297 prime?
True
Is 16411 prime?
True
Is 1277 composite?
False
Is 108571 a composite number?
False
Is 1811 composite?
False
Is 657233 composite?
False
Is 1087 composite?
False
Is 3953 prime?
False
Is 704713 composite?
False
Is 1799549 a composite number?
False
Is 320417 prime?
True
Is 120019 a prime number?
False
Is 82961 a composite number?
True
Is 5969 composite?
True
Is 112781 a prime number?
False
Is 10859 composite?
False
Is 37397 a prime number?
True
Is 12058 prime?
False
Is 129205 composite?
True
Is 495211 prime?
True
Is 373699 a prime number?
False
Is 112862 a composite number?
True
Is 71 a composite number?
False
Is 83051 a prime number?
False
Is 7883 prime?
True
Is 5899 prime?
False
Is 8441 a prime number?
False
Is 517 a composite number?
True
Is 43889 a composite number?
False
Is 267005 composite?
True
Is 17059 a composite number?
True
Is 451601 a composite number?
False
Is 8009 a composite number?
False
Is 285157 a prime number?
False
Is 1042487 prime?
True
Is 36169 a prime number?
False
Is 95905 a prime number?
False
Is 134753 a prime number?
True
Is 300647 a composite number?
False
Is 60029 prime?
True
Is 32167 composite?
True
Is 943127 a composite number?
False
Is 55135 a composite number?
True
Is 44747 a prime number?
False
Is 1671 prime?
False
Is 13577 prime?
True
Is 43573 a composite number?
False
Is 7769 a prime number?
False
Is 18367 a prime number?
True
Is 139801 composite?
False
Is 1277 a prime number?
True
Is 907 prime?
True
Is 179801 a prime number?
True
Is 5623 prime?
True
Is 11422 a composite number?
True
Is 23599 a composite num